{"id":2136,"date":"2021-06-22T11:35:28","date_gmt":"2021-06-22T09:35:28","guid":{"rendered":"https:\/\/www.medespoir.ch\/blog\/?page_id=2136"},"modified":"2021-06-22T11:59:49","modified_gmt":"2021-06-22T09:59:49","slug":"chirurgie-esthetique-coree-du-sud","status":"publish","type":"page","link":"https:\/\/www.medespoir.ch\/blog\/chirurgie-esthetique-coree-du-sud\/","title":{"rendered":"Chirurgie esth\u00e9tique Cor\u00e9e du Sud\u00a0: Tout savoir sur les interventions demand\u00e9es"},"content":{"rendered":"<p>&nbsp;<\/p>\n<p>&nbsp;<\/p>\n<p>Dans une soci\u00e9t\u00e9 comme la Cor\u00e9e, o\u00f9 l&rsquo;apparence physique joue un r\u00f4le important dans la vie des gens, prendre soin de son allure est un enjeu primordial. Cet int\u00e9r\u00eat pour l&rsquo;am\u00e9lioration de l&rsquo;apparence physique a conduit la Cor\u00e9e du Sud \u00e0 \u00eatre consid\u00e9r\u00e9e comme l&rsquo;une des capitales mondiales de la chirurgie esth\u00e9tique.<\/p>\n<p><strong>Les chirurgies esth\u00e9tiques les plus connues au Cor\u00e9e du Sud<\/strong><\/p>\n<p><img loading=\"lazy\" decoding=\"async\" class=\"alignnone size-medium wp-image-2138\" src=\"https:\/\/www.medespoir.ch\/blog\/wp-content\/uploads\/2021\/06\/coree-sud-300x150.jpg\" alt=\"Chirurgie esth\u00e9tique Cor\u00e9e Sud\" width=\"300\" height=\"150\" srcset=\"https:\/\/www.medespoir.ch\/blog\/wp-content\/uploads\/2021\/06\/coree-sud-300x150.jpg 300w, https:\/\/www.medespoir.ch\/blog\/wp-content\/uploads\/2021\/06\/coree-sud-540x270.jpg 540w, https:\/\/www.medespoir.ch\/blog\/wp-content\/uploads\/2021\/06\/coree-sud.jpg 700w\" sizes=\"auto, (max-width: 300px) 100vw, 300px\" \/><\/p>\n<p><strong>Chirurgie des doubles paupi\u00e8res<\/strong><\/p>\n<p>L&rsquo;une des interventions les plus courantes et les plus populaires en Cor\u00e9e du Sud est la chirurgie des doubles paupi\u00e8res. Cette intervention consiste \u00e0 retirer l&rsquo;exc\u00e8s de graisse dans la zone des paupi\u00e8res pour cr\u00e9er la forme id\u00e9ale de la double paupi\u00e8re.<\/p>\n<p>En plus d&rsquo;\u00eatre populaire en Cor\u00e9e, cette intervention est un succ\u00e8s dans le monde entier. Pr\u00e8s de 15 % de toutes les interventions de chirurgie plastique dans le monde sont des chirurgies de la double paupi\u00e8re.<\/p>\n<p><strong>Chirurgie d&rsquo;\u00e9largissement des yeux\u00a0\u00a0\u00a0\u00a0\u00a0\u00a0\u00a0\u00a0\u00a0\u00a0\u00a0\u00a0\u00a0\u00a0\u00a0\u00a0\u00a0\u00a0\u00a0\u00a0\u00a0\u00a0\u00a0\u00a0\u00a0\u00a0\u00a0\u00a0\u00a0\u00a0\u00a0\u00a0\u00a0\u00a0\u00a0\u00a0\u00a0\u00a0\u00a0\u00a0\u00a0\u00a0\u00a0\u00a0\u00a0\u00a0\u00a0 <\/strong><\/p>\n<p>Vous avez toujours voulu avoir de grands yeux de poup\u00e9e ? La Cor\u00e9e du Sud a une r\u00e9ponse sous la forme de la tr\u00e8s populaire chirurgie d&rsquo;\u00e9largissement des yeux.<\/p>\n<p>Cette op\u00e9ration promet de rendre les yeux plus grands qu&rsquo;auparavant et est g\u00e9n\u00e9ralement associ\u00e9e \u00e0 une chirurgie des doubles paupi\u00e8res. Elle consiste \u00e0 couper les coins des yeux de mani\u00e8re \u00e0 ce que les yeux soient plus longs horizontalement, cr\u00e9ant ainsi l&rsquo;illusion d&rsquo;yeux plus grands et plus larges.<\/p>\n<p><strong>Rhinoplastie<\/strong><\/p>\n<p>La rhinoplastie est plus connue sous le nom d&rsquo;op\u00e9ration du nez. L&rsquo;intervention consiste \u00e0 redresser l&rsquo;ar\u00eate du nez et \u00e0 la relever pour lui donner une apparence plus prononc\u00e9e.<\/p>\n<p>Cette intervention est particuli\u00e8rement populaire en Cor\u00e9e en raison de la croyance culturelle selon laquelle le nez est l&rsquo;une des caract\u00e9ristiques les plus importantes pour d\u00e9terminer l&rsquo;attractivit\u00e9. Par cons\u00e9quent, de nombreux Cor\u00e9ens id\u00e9alisent une ar\u00eate nasale haute.<\/p>\n<p><strong>Chirurgie de r\u00e9duction de la m\u00e2choire<\/strong><\/p>\n<p>La chirurgie de r\u00e9duction de la m\u00e2choire est une autre op\u00e9ration extr\u00eamement populaire en Cor\u00e9e du Sud. En effet, de nombreux Cor\u00e9ens aspirent \u00e0 avoir un menton fin qui semble cr\u00e9er une \u00ab\u00a0ligne en V\u00a0\u00bb.<\/p>\n<p>L&rsquo;intervention consiste \u00e0 raser une partie de la mandibule pour cr\u00e9er une m\u00e2choire plus fine. Cette op\u00e9ration est si populaire qu&rsquo;une clinique de Cor\u00e9e du Sud a m\u00eame cr\u00e9\u00e9 un pr\u00e9sentoir \u00e0 partir des m\u00e2choires ras\u00e9es.<\/p>\n<p><strong>Augmentation du front<\/strong><\/p>\n<p>L&rsquo;augmentation du front ne se contente pas de redessiner le front, elle est \u00e9galement connue pour donner l&rsquo;impression d&rsquo;une apparence plus jeune. Cette technique est particuli\u00e8rement appr\u00e9ci\u00e9e des Cor\u00e9ens qui s&rsquo;efforcent de conserver une apparence jeune.<\/p>\n<p>L&rsquo;augmentation du front est une proc\u00e9dure relativement simple. Au cours de l&rsquo;intervention, un implant est ins\u00e9r\u00e9 dans le front du patient, ce qui donne un front plus lisse et plus rond.<\/p>\n","protected":false},"excerpt":{"rendered":"<p>&nbsp; &nbsp; Dans une soci\u00e9t\u00e9 comme la Cor\u00e9e, o\u00f9 l&rsquo;apparence physique joue un r\u00f4le important dans la vie des gens, prendre soin de son allure est un enjeu primordial. Cet int\u00e9r\u00eat pour l&rsquo;am\u00e9lioration de l&rsquo;apparence physique a conduit la Cor\u00e9e du Sud \u00e0 \u00eatre consid\u00e9r\u00e9e comme l&rsquo;une des capitales mondiales de la chirurgie esth\u00e9tique. Les chirurgies esth\u00e9tiques les plus connues au Cor\u00e9e du Sud Chirurgie des doubles paupi\u00e8res L&rsquo;une des interventions les plus courantes et les plus populaires en Cor\u00e9e&#8230;<\/p>\n<p class=\"read-more\"><a class=\"btn btn-default\" href=\"https:\/\/www.medespoir.ch\/blog\/chirurgie-esthetique-coree-du-sud\/\">Lire la suite<span class=\"screen-reader-text\"> Lire la suite<\/span><\/a><\/p>\n","protected":false},"author":2,"featured_media":2139,"parent":0,"menu_order":0,"comment_status":"closed","ping_status":"closed","template":"","meta":{"footnotes":""},"class_list":["post-2136","page","type-page","status-publish","has-post-thumbnail","hentry"],"yoast_head":"<!-- This site is optimized with the Yoast SEO plugin v27.3 - https:\/\/yoast.com\/product\/yoast-seo-wordpress\/ -->\n<title>Chirurgie esth\u00e9tique Cor\u00e9e Sud : op\u00e9rations plus sollicit\u00e9es par les cor\u00e9ens<\/title>\n<meta name=\"description\" content=\"Chirurgie esth\u00e9tique Cor\u00e9e Sud : Tout savoir sur les op\u00e9rations plus sollicit\u00e9es par cor\u00e9ens, bl\u00e9pharoplastie, front et \u00e9largissement yeux\" \/>\n<meta name=\"robots\" content=\"index, follow, max-snippet:-1, max-image-preview:large, max-video-preview:-1\" \/>\n<link rel=\"canonical\" href=\"https:\/\/www.medespoir.ch\/blog\/chirurgie-esthetique-coree-du-sud\/\" \/>\n<meta property=\"og:locale\" content=\"fr_FR\" \/>\n<meta property=\"og:type\" content=\"article\" \/>\n<meta property=\"og:title\" content=\"Chirurgie esth\u00e9tique Cor\u00e9e Sud : op\u00e9rations plus sollicit\u00e9es par les cor\u00e9ens\" \/>\n<meta property=\"og:description\" content=\"Chirurgie esth\u00e9tique Cor\u00e9e Sud : Tout savoir sur les op\u00e9rations plus sollicit\u00e9es par cor\u00e9ens, bl\u00e9pharoplastie, front et \u00e9largissement yeux\" \/>\n<meta property=\"og:url\" content=\"https:\/\/www.medespoir.ch\/blog\/chirurgie-esthetique-coree-du-sud\/\" \/>\n<meta property=\"og:site_name\" content=\"Actualit\u00e9s\" \/>\n<meta property=\"article:modified_time\" content=\"2021-06-22T09:59:49+00:00\" \/>\n<meta property=\"og:image\" content=\"https:\/\/www.medespoir.ch\/blog\/wp-content\/uploads\/2021\/06\/coree-sud-chirurgie-esthetique.jpg\" \/>\n\t<meta property=\"og:image:width\" content=\"700\" \/>\n\t<meta property=\"og:image:height\" content=\"400\" \/>\n\t<meta property=\"og:image:type\" content=\"image\/jpeg\" \/>\n<meta name=\"twitter:card\" content=\"summary_large_image\" \/>\n<meta name=\"twitter:label1\" content=\"Dur\u00e9e de lecture estim\u00e9e\" \/>\n\t<meta name=\"twitter:data1\" content=\"3 minutes\" \/>\n<script type=\"application\/ld+json\" class=\"yoast-schema-graph\">{\"@context\":\"https:\\\/\\\/schema.org\",\"@graph\":[{\"@type\":\"WebPage\",\"@id\":\"https:\\\/\\\/www.medespoir.ch\\\/blog\\\/chirurgie-esthetique-coree-du-sud\\\/\",\"url\":\"https:\\\/\\\/www.medespoir.ch\\\/blog\\\/chirurgie-esthetique-coree-du-sud\\\/\",\"name\":\"Chirurgie esth\u00e9tique Cor\u00e9e Sud : op\u00e9rations plus sollicit\u00e9es par les cor\u00e9ens\",\"isPartOf\":{\"@id\":\"https:\\\/\\\/www.medespoir.ch\\\/blog\\\/#website\"},\"primaryImageOfPage\":{\"@id\":\"https:\\\/\\\/www.medespoir.ch\\\/blog\\\/chirurgie-esthetique-coree-du-sud\\\/#primaryimage\"},\"image\":{\"@id\":\"https:\\\/\\\/www.medespoir.ch\\\/blog\\\/chirurgie-esthetique-coree-du-sud\\\/#primaryimage\"},\"thumbnailUrl\":\"https:\\\/\\\/www.medespoir.ch\\\/blog\\\/wp-content\\\/uploads\\\/2021\\\/06\\\/coree-sud-chirurgie-esthetique.jpg\",\"datePublished\":\"2021-06-22T09:35:28+00:00\",\"dateModified\":\"2021-06-22T09:59:49+00:00\",\"description\":\"Chirurgie esth\u00e9tique Cor\u00e9e Sud : Tout savoir sur les op\u00e9rations plus sollicit\u00e9es par cor\u00e9ens, bl\u00e9pharoplastie, front et \u00e9largissement yeux\",\"breadcrumb\":{\"@id\":\"https:\\\/\\\/www.medespoir.ch\\\/blog\\\/chirurgie-esthetique-coree-du-sud\\\/#breadcrumb\"},\"inLanguage\":\"fr-FR\",\"potentialAction\":[{\"@type\":\"ReadAction\",\"target\":[\"https:\\\/\\\/www.medespoir.ch\\\/blog\\\/chirurgie-esthetique-coree-du-sud\\\/\"]}]},{\"@type\":\"ImageObject\",\"inLanguage\":\"fr-FR\",\"@id\":\"https:\\\/\\\/www.medespoir.ch\\\/blog\\\/chirurgie-esthetique-coree-du-sud\\\/#primaryimage\",\"url\":\"https:\\\/\\\/www.medespoir.ch\\\/blog\\\/wp-content\\\/uploads\\\/2021\\\/06\\\/coree-sud-chirurgie-esthetique.jpg\",\"contentUrl\":\"https:\\\/\\\/www.medespoir.ch\\\/blog\\\/wp-content\\\/uploads\\\/2021\\\/06\\\/coree-sud-chirurgie-esthetique.jpg\",\"width\":700,\"height\":400,\"caption\":\"chirurgie esthetique cor\u00e9e sud\"},{\"@type\":\"BreadcrumbList\",\"@id\":\"https:\\\/\\\/www.medespoir.ch\\\/blog\\\/chirurgie-esthetique-coree-du-sud\\\/#breadcrumb\",\"itemListElement\":[{\"@type\":\"ListItem\",\"position\":1,\"name\":\"Accueil\",\"item\":\"https:\\\/\\\/www.medespoir.ch\\\/blog\\\/\"},{\"@type\":\"ListItem\",\"position\":2,\"name\":\"Chirurgie esth\u00e9tique Cor\u00e9e du Sud\u00a0: Tout savoir sur les interventions demand\u00e9es\"}]},{\"@type\":\"WebSite\",\"@id\":\"https:\\\/\\\/www.medespoir.ch\\\/blog\\\/#website\",\"url\":\"https:\\\/\\\/www.medespoir.ch\\\/blog\\\/\",\"name\":\"Actualit\u00e9s\",\"description\":\"tout ce qui est en rapport avec la chirurgie esth\u00e9tique\",\"potentialAction\":[{\"@type\":\"SearchAction\",\"target\":{\"@type\":\"EntryPoint\",\"urlTemplate\":\"https:\\\/\\\/www.medespoir.ch\\\/blog\\\/?s={search_term_string}\"},\"query-input\":{\"@type\":\"PropertyValueSpecification\",\"valueRequired\":true,\"valueName\":\"search_term_string\"}}],\"inLanguage\":\"fr-FR\"}]}<\/script>\n<!-- \/ Yoast SEO plugin. -->","yoast_head_json":{"title":"Chirurgie esth\u00e9tique Cor\u00e9e Sud : op\u00e9rations plus sollicit\u00e9es par les cor\u00e9ens","description":"Chirurgie esth\u00e9tique Cor\u00e9e Sud : Tout savoir sur les op\u00e9rations plus sollicit\u00e9es par cor\u00e9ens, bl\u00e9pharoplastie, front et \u00e9largissement yeux","robots":{"index":"index","follow":"follow","max-snippet":"max-snippet:-1","max-image-preview":"max-image-preview:large","max-video-preview":"max-video-preview:-1"},"canonical":"https:\/\/www.medespoir.ch\/blog\/chirurgie-esthetique-coree-du-sud\/","og_locale":"fr_FR","og_type":"article","og_title":"Chirurgie esth\u00e9tique Cor\u00e9e Sud : op\u00e9rations plus sollicit\u00e9es par les cor\u00e9ens","og_description":"Chirurgie esth\u00e9tique Cor\u00e9e Sud : Tout savoir sur les op\u00e9rations plus sollicit\u00e9es par cor\u00e9ens, bl\u00e9pharoplastie, front et \u00e9largissement yeux","og_url":"https:\/\/www.medespoir.ch\/blog\/chirurgie-esthetique-coree-du-sud\/","og_site_name":"Actualit\u00e9s","article_modified_time":"2021-06-22T09:59:49+00:00","og_image":[{"width":700,"height":400,"url":"https:\/\/www.medespoir.ch\/blog\/wp-content\/uploads\/2021\/06\/coree-sud-chirurgie-esthetique.jpg","type":"image\/jpeg"}],"twitter_card":"summary_large_image","twitter_misc":{"Dur\u00e9e de lecture estim\u00e9e":"3 minutes"},"schema":{"@context":"https:\/\/schema.org","@graph":[{"@type":"WebPage","@id":"https:\/\/www.medespoir.ch\/blog\/chirurgie-esthetique-coree-du-sud\/","url":"https:\/\/www.medespoir.ch\/blog\/chirurgie-esthetique-coree-du-sud\/","name":"Chirurgie esth\u00e9tique Cor\u00e9e Sud : op\u00e9rations plus sollicit\u00e9es par les cor\u00e9ens","isPartOf":{"@id":"https:\/\/www.medespoir.ch\/blog\/#website"},"primaryImageOfPage":{"@id":"https:\/\/www.medespoir.ch\/blog\/chirurgie-esthetique-coree-du-sud\/#primaryimage"},"image":{"@id":"https:\/\/www.medespoir.ch\/blog\/chirurgie-esthetique-coree-du-sud\/#primaryimage"},"thumbnailUrl":"https:\/\/www.medespoir.ch\/blog\/wp-content\/uploads\/2021\/06\/coree-sud-chirurgie-esthetique.jpg","datePublished":"2021-06-22T09:35:28+00:00","dateModified":"2021-06-22T09:59:49+00:00","description":"Chirurgie esth\u00e9tique Cor\u00e9e Sud : Tout savoir sur les op\u00e9rations plus sollicit\u00e9es par cor\u00e9ens, bl\u00e9pharoplastie, front et \u00e9largissement yeux","breadcrumb":{"@id":"https:\/\/www.medespoir.ch\/blog\/chirurgie-esthetique-coree-du-sud\/#breadcrumb"},"inLanguage":"fr-FR","potentialAction":[{"@type":"ReadAction","target":["https:\/\/www.medespoir.ch\/blog\/chirurgie-esthetique-coree-du-sud\/"]}]},{"@type":"ImageObject","inLanguage":"fr-FR","@id":"https:\/\/www.medespoir.ch\/blog\/chirurgie-esthetique-coree-du-sud\/#primaryimage","url":"https:\/\/www.medespoir.ch\/blog\/wp-content\/uploads\/2021\/06\/coree-sud-chirurgie-esthetique.jpg","contentUrl":"https:\/\/www.medespoir.ch\/blog\/wp-content\/uploads\/2021\/06\/coree-sud-chirurgie-esthetique.jpg","width":700,"height":400,"caption":"chirurgie esthetique cor\u00e9e sud"},{"@type":"BreadcrumbList","@id":"https:\/\/www.medespoir.ch\/blog\/chirurgie-esthetique-coree-du-sud\/#breadcrumb","itemListElement":[{"@type":"ListItem","position":1,"name":"Accueil","item":"https:\/\/www.medespoir.ch\/blog\/"},{"@type":"ListItem","position":2,"name":"Chirurgie esth\u00e9tique Cor\u00e9e du Sud\u00a0: Tout savoir sur les interventions demand\u00e9es"}]},{"@type":"WebSite","@id":"https:\/\/www.medespoir.ch\/blog\/#website","url":"https:\/\/www.medespoir.ch\/blog\/","name":"Actualit\u00e9s","description":"tout ce qui est en rapport avec la chirurgie esth\u00e9tique","potentialAction":[{"@type":"SearchAction","target":{"@type":"EntryPoint","urlTemplate":"https:\/\/www.medespoir.ch\/blog\/?s={search_term_string}"},"query-input":{"@type":"PropertyValueSpecification","valueRequired":true,"valueName":"search_term_string"}}],"inLanguage":"fr-FR"}]}},"_links":{"self":[{"href":"https:\/\/www.medespoir.ch\/blog\/wp-json\/wp\/v2\/pages\/2136","targetHints":{"allow":["GET"]}}],"collection":[{"href":"https:\/\/www.medespoir.ch\/blog\/wp-json\/wp\/v2\/pages"}],"about":[{"href":"https:\/\/www.medespoir.ch\/blog\/wp-json\/wp\/v2\/types\/page"}],"author":[{"embeddable":true,"href":"https:\/\/www.medespoir.ch\/blog\/wp-json\/wp\/v2\/users\/2"}],"replies":[{"embeddable":true,"href":"https:\/\/www.medespoir.ch\/blog\/wp-json\/wp\/v2\/comments?post=2136"}],"version-history":[{"count":2,"href":"https:\/\/www.medespoir.ch\/blog\/wp-json\/wp\/v2\/pages\/2136\/revisions"}],"predecessor-version":[{"id":2140,"href":"https:\/\/www.medespoir.ch\/blog\/wp-json\/wp\/v2\/pages\/2136\/revisions\/2140"}],"wp:featuredmedia":[{"embeddable":true,"href":"https:\/\/www.medespoir.ch\/blog\/wp-json\/wp\/v2\/media\/2139"}],"wp:attachment":[{"href":"https:\/\/www.medespoir.ch\/blog\/wp-json\/wp\/v2\/media?parent=2136"}],"curies":[{"name":"wp","href":"https:\/\/api.w.org\/{rel}","templated":true}]}}