{"id":2969,"date":"2022-09-23T15:46:46","date_gmt":"2022-09-23T13:46:46","guid":{"rendered":"https:\/\/www.medespoir.ch\/blog\/?page_id=2969"},"modified":"2022-12-21T14:22:24","modified_gmt":"2022-12-21T13:22:24","slug":"abdominoplastie-munich","status":"publish","type":"page","link":"https:\/\/www.medespoir.ch\/blog\/abdominoplastie-munich\/","title":{"rendered":"Abdominoplastie Munich : Tout savoir sur la chirurgie abdomen \u00e0 Munich"},"content":{"rendered":"<p>Les personnes qui d\u00e9sirent une abdominoplastie Munich (<a href=\"https:\/\/www.medespoir.ch\/blog\/abdominoplastie-munich\/\">Bauchstraffung<\/a>) voudraient tr\u00e8s probablement savoir combien co\u00fbte une abdominoplastie. Cependant, il n&rsquo;y a pas de prix fixe pour cette intervention de chirurgie esth\u00e9tique. Comme toute autre chirurgie \u00e9lective, le co\u00fbt de la chirurgie abdominoplastie \u00a0Munich varie consid\u00e9rablement. Des facteurs tels que l&#8217;emplacement du bureau et le niveau d&rsquo;exp\u00e9rience du chirurgien peuvent contribuer \u00e0 la variation au prix. Cela dit, les co\u00fbts de l&rsquo;abdominoplastie Munich ont tendance \u00e0 se situer dans une fourchette de prix sp\u00e9cifique. Conna\u00eetre le co\u00fbt moyen peut vous aider \u00e0 d\u00e9cider si une abdominoplastie s&rsquo;int\u00e9grera dans votre budget.<\/p>\n<h2>Combien co\u00fbte une abdominoplastie ?<\/h2>\n<p>L&rsquo;une des questions les plus courantes que l\u2019on re\u00e7oit concernant le co\u00fbt d&rsquo;une abdominoplastie est \u00ab\u00a0combien co\u00fbte une abdominoplastie\u00a0\u00bb\u00a0? Seulement, c&rsquo;est une question tr\u00e8s difficile \u00e0 r\u00e9pondre car il y a tellement de facteurs qui affectent le prix. Les diff\u00e9rents qui affectent le prix de l\u2019abdominoplastie Munich sont :<\/p>\n<h3>L&rsquo;\u00e9tendue de l\u2019intervention<\/h3>\n<p>Parfois, une intervention d\u2019abdominoplastie n\u2019implique que le fait de resserrer la peau l\u00e2che et affaiss\u00e9e sous le nombril. Mais l\u2019entendue de l\u2019intervention peut \u00eatre beaucoup plus grande en fonction des besoins. En fait, cette op\u00e9ration est tellement personnalisable qu&rsquo;il existe trois noms diff\u00e9rents : une abdominoplastie compl\u00e8te (traditionnelle), mini ou \u00e9tendue.<\/p>\n<p>Une mini-abdominoplastie ne consiste \u00e0 traiter que la peau l\u00e2che et l&rsquo;exc\u00e8s de peau et de graisse sous le nombril.<\/p>\n<h3>Le volume de graisse retir\u00e9<\/h3>\n<p>Lorsque l\u2019on parle du fait que de l&rsquo;\u00e9tendue de la chirurgie affecte le co\u00fbt, il s\u2019agit en effet de plusieurs points. Tout d&rsquo;abord, il est question du nombre de choses qui sont faites, telles que l&rsquo;\u00e9limination des graisses, l&rsquo;\u00e9limination de l&rsquo;exc\u00e8s de peau, le resserrement et le lifting de la peau, le resserrement musculaire, le remodelage musculaire ou la r\u00e9paration musculaire.<\/p>\n<p>Plus plusieurs \u00e9l\u00e9ments seront r\u00e9alis\u00e9s au cours de l\u2019intervention, plus la chirurgie sera co\u00fbteuse. Mais le plus important n\u2019est pas de consid\u00e9rer combien de choses sont faites. Il faut \u00e9galement tenir compte de la quantit\u00e9 de travail effectu\u00e9e. Si le chirurgien doit \u00e9liminer autant de graisse qu\u2019il soit oblig\u00e9 d&rsquo;effectuer une liposuccion, par exemple, la chirurgie co\u00fbtera plus cher, car c\u2019est une autre intervention.<\/p>\n<h3>La taille de la zone<\/h3>\n<p>Si le chirurgien ne fait que resserrer la peau l\u00e2che et enlever la graisse du bas-ventre, la chirurgie d\u2019abdominoplastie Munich ne co\u00fbtera pas tr\u00e8s cher. Cependant, pour ce qui est de l\u2019abdominoplastie compl\u00e8te, la port\u00e9e de la chirurgie prend le bas et le haut de l&rsquo;abdomen. Les abdominoplasties prolong\u00e9es co\u00fbtent plus ch\u00e8res car celles-ci prennent aussi en compte les c\u00f4t\u00e9s et le dos.<\/p>\n<h3>Le type d&rsquo;anesth\u00e9sie utilis\u00e9<\/h3>\n<p>Le type d&rsquo;anesth\u00e9sie et le dosage que le patient recevra sont deux autres facteurs importants qui affecteront le co\u00fbt de la chirurgie. Plus la dose requise est importante, plus elle sera ch\u00e8re. Le dosage appropri\u00e9 \u00e0 des besoins d\u00e9pendra de la dur\u00e9e de la chirurgie et du poids du patient.<\/p>\n<p>Concernant le type d&rsquo;anesth\u00e9sie, il est \u00e9vident qu\u2019une anesth\u00e9sie g\u00e9n\u00e9rale soit plus ch\u00e8re qu\u2019une anesth\u00e9sie locale. Cela tient compte du fait que l&rsquo;anesth\u00e9sie locale est g\u00e9n\u00e9ralement administr\u00e9e avec un s\u00e9datif afin que l\u2019on puisse dormir pendant la chirurgie.<\/p>\n<h3>Le nombre de chirurgie effectu\u00e9es<\/h3>\n<p>Parfois, soulever et resserrer la peau du ventre ne suffit pas pour atteindre le r\u00e9sultat esth\u00e9tique id\u00e9al. Dans de tels cas, le patient peut \u00eatre un bon candidat pour une autre chirurgie, comme la liposuccion. La liposuccion est une intervention qui permet de supprimer des graisses afin de modeler un corps id\u00e9al en \u00e9liminant l&rsquo;exc\u00e8s de graisse par aspiration.<\/p>\n<p>La liposuccion est une intervention qui compl\u00e8te de mani\u00e8re id\u00e9ale une abdominoplastie car elle peut \u00e9liminer plus de graisse exc\u00e9dentaire qu&rsquo;une abdominoplastie. En tant que intervention autonome, la liposuccion peut co\u00fbter un peu cher selon les cas. Cependant, si l\u2019on combine la liposuccion avec l\u2019abdominoplastie, il est possible d\u2019\u00e9conomiser de l&rsquo;argent sur les deux interventions. D&rsquo;autres facteurs qui peuvent modifier le co\u00fbt de la liposuccion comprennent la technique utilis\u00e9e et le nombre de zones sculpt\u00e9es.<\/p>\n<h2>Comment se pr\u00e9parer \u00e0 cette chirurgie\u00a0?<\/h2>\n<p>Pour mieux pr\u00e9parer son intervention d\u2019abdominoplastie, il est important de suivre les conseils de son chirurgien. Les quelques conseils pouvant aider \u00e0 pr\u00e9parer une abdominoplastie sont :<\/p>\n<ul>\n<li>Faire le sport de fa\u00e7on r\u00e9guli\u00e8re devrait aider \u00e0 se pr\u00e9parer \u00e0 l&rsquo;op\u00e9ration, mais il faut demander d&rsquo;abord conseil \u00e0 l&rsquo;\u00e9quipe soignante ou \u00e0 au m\u00e9decin g\u00e9n\u00e9raliste\u00a0;<\/li>\n<li>Pour ce qui des fumeurs, le risque de complications peut \u00eatre r\u00e9duit si l&rsquo;on arr\u00eate de fumer plusieurs semaines avant l&rsquo;op\u00e9ration\u00a0;<\/li>\n<li>La zone autour de laquelle l\u2019on sera incis\u00e9 ne doit pas \u00eatre ras\u00e9e ou \u00e9pil\u00e9e pendant sept jours avant l&rsquo;op\u00e9ration.<\/li>\n<\/ul>\n<h2>Comment se d\u00e9roule l\u2019intervention\u00a0?<\/h2>\n<p>Une mini abdominoplastie peut prendre moins de 2 heures pour donner au patient un r\u00e9sultat id\u00e9al. Pendant ce temps, une abdominoplastie compl\u00e8te prend souvent 3 \u00e0 5 heures.<\/p>\n<p>Dans la plupart des cas, une mini-abdominoplastie peut \u00eatre r\u00e9alis\u00e9e uniquement sous anesth\u00e9sie locale. Les patients peuvent \u00e9galement choisir de se faire op\u00e9rer sous anesth\u00e9sie g\u00e9n\u00e9rale, mais la plupart sont \u00e0 l&rsquo;aise sans elle.<\/p>\n<p>Le chirurgien peut utiliser l&rsquo;une des nombreuses techniques chirurgicales suivantes\u00a0:<\/p>\n<h3>Abdominoplastie compl\u00e8te<\/h3>\n<p>Elle convient \u00e0 une personne si elle a beaucoup de peau en exc\u00e8s. Le chirurgien fera une coupe incurv\u00e9e d&rsquo;une hanche \u00e0 l&rsquo;autre. Il va \u00e9galement supprimer tout exc\u00e8s de peau et de graisse. Le chirurgien coupera ensuite la peau au-dessus du nombril, en la tirant vers le bas et en le resserrant. Parfois, il va reconstruire l\u2019ombilic et resserrer les muscles de la paroi abdominale.<\/p>\n<h3>Mini abdominoplastie<\/h3>\n<p>La mini-abdominoplastie convient \u00e0 une personne si elle n\u2019a qu&rsquo;un petit exc\u00e8s de peau. Le chirurgien n&rsquo;aura qu&rsquo;\u00e0 faire une petite incision juste au-dessus de la zone pubienne pour enlever l&rsquo;exc\u00e8s de peau<\/p>\n<h3>Abdominoplastie endoscopique<\/h3>\n<p>Cette technique convient \u00e0 une personne qui a seulement besoin de resserrer les muscles de la paroi abdominale. Le chirurgien fera de petites incisions et utilisera des instruments chirurgicaux sp\u00e9ciaux pour resserrer les muscles.<\/p>\n<h2>Comment se pr\u00e9sentent les r\u00e9sultats\u00a0?<\/h2>\n<p>La n\u00e9cessit\u00e9 d&rsquo;une abdominoplastie r\u00e9p\u00e9t\u00e9e peut \u00eatre \u00e9vit\u00e9e si l\u2019on parvient \u00e0 maintenir un poids sant\u00e9. Si une personne prend, puis perd beaucoup de poids, il pourra se retrouver avec un exc\u00e8s de peau abdominale, ce qui pourrait n\u00e9cessiter une nouvelle abdominoplastie.<\/p>\n<p>Les r\u00e9sultats d\u00e9finitifs d\u2019une abdominoplastie Munich commencent \u00e0 se voir environ 3 mois apr\u00e8s la chirurgie, et au bout de 6 mois ils sont effectifs.<\/p>\n","protected":false},"excerpt":{"rendered":"<p>Les personnes qui d\u00e9sirent une abdominoplastie Munich (Bauchstraffung) voudraient tr\u00e8s probablement savoir combien co\u00fbte une abdominoplastie. Cependant, il n&rsquo;y a pas de prix fixe pour cette intervention de chirurgie esth\u00e9tique. Comme toute autre chirurgie \u00e9lective, le co\u00fbt de la chirurgie abdominoplastie \u00a0Munich varie consid\u00e9rablement. Des facteurs tels que l&#8217;emplacement du bureau et le niveau d&rsquo;exp\u00e9rience du chirurgien peuvent contribuer \u00e0 la variation au prix. Cela dit, les co\u00fbts de l&rsquo;abdominoplastie Munich ont tendance \u00e0 se situer dans une fourchette de&#8230;<\/p>\n<p class=\"read-more\"><a class=\"btn btn-default\" href=\"https:\/\/www.medespoir.ch\/blog\/abdominoplastie-munich\/\">Lire la suite<span class=\"screen-reader-text\"> Lire la suite<\/span><\/a><\/p>\n","protected":false},"author":2,"featured_media":2984,"parent":0,"menu_order":0,"comment_status":"closed","ping_status":"closed","template":"","meta":{"footnotes":""},"class_list":["post-2969","page","type-page","status-publish","has-post-thumbnail","hentry"],"yoast_head":"<!-- This site is optimized with the Yoast SEO plugin v27.3 - https:\/\/yoast.com\/product\/yoast-seo-wordpress\/ -->\n<title>Abdominoplastie Munich : chirurgie abdomen Munich pour Suisses<\/title>\n<meta name=\"description\" content=\"Abdominoplastie Munich : Tout savoir sur la chirurgie abdomen \u00e0 Munich, devis gratuit chirurgie abdomen pour les suisses \u00e0 Munich\" \/>\n<meta name=\"robots\" content=\"index, follow, max-snippet:-1, max-image-preview:large, max-video-preview:-1\" \/>\n<link rel=\"canonical\" href=\"https:\/\/www.medespoir.ch\/blog\/abdominoplastie-munich\/\" \/>\n<meta property=\"og:locale\" content=\"fr_FR\" \/>\n<meta property=\"og:type\" content=\"article\" \/>\n<meta property=\"og:title\" content=\"Abdominoplastie Munich : chirurgie abdomen Munich pour Suisses\" \/>\n<meta property=\"og:description\" content=\"Abdominoplastie Munich : Tout savoir sur la chirurgie abdomen \u00e0 Munich, devis gratuit chirurgie abdomen pour les suisses \u00e0 Munich\" \/>\n<meta property=\"og:url\" content=\"https:\/\/www.medespoir.ch\/blog\/abdominoplastie-munich\/\" \/>\n<meta property=\"og:site_name\" content=\"Actualit\u00e9s\" \/>\n<meta property=\"article:modified_time\" content=\"2022-12-21T13:22:24+00:00\" \/>\n<meta property=\"og:image\" content=\"https:\/\/www.medespoir.ch\/blog\/wp-content\/uploads\/2022\/09\/abdomino-plastie-allemagne.png\" \/>\n\t<meta property=\"og:image:width\" content=\"507\" \/>\n\t<meta property=\"og:image:height\" content=\"683\" \/>\n\t<meta property=\"og:image:type\" content=\"image\/png\" \/>\n<meta name=\"twitter:card\" content=\"summary_large_image\" \/>\n<meta name=\"twitter:label1\" content=\"Dur\u00e9e de lecture estim\u00e9e\" \/>\n\t<meta name=\"twitter:data1\" content=\"6 minutes\" \/>\n<script type=\"application\/ld+json\" class=\"yoast-schema-graph\">{\"@context\":\"https:\\\/\\\/schema.org\",\"@graph\":[{\"@type\":\"WebPage\",\"@id\":\"https:\\\/\\\/www.medespoir.ch\\\/blog\\\/abdominoplastie-munich\\\/\",\"url\":\"https:\\\/\\\/www.medespoir.ch\\\/blog\\\/abdominoplastie-munich\\\/\",\"name\":\"Abdominoplastie Munich : chirurgie abdomen Munich pour Suisses\",\"isPartOf\":{\"@id\":\"https:\\\/\\\/www.medespoir.ch\\\/blog\\\/#website\"},\"primaryImageOfPage\":{\"@id\":\"https:\\\/\\\/www.medespoir.ch\\\/blog\\\/abdominoplastie-munich\\\/#primaryimage\"},\"image\":{\"@id\":\"https:\\\/\\\/www.medespoir.ch\\\/blog\\\/abdominoplastie-munich\\\/#primaryimage\"},\"thumbnailUrl\":\"https:\\\/\\\/www.medespoir.ch\\\/blog\\\/wp-content\\\/uploads\\\/2022\\\/09\\\/abdomino-plastie-allemagne.png\",\"datePublished\":\"2022-09-23T13:46:46+00:00\",\"dateModified\":\"2022-12-21T13:22:24+00:00\",\"description\":\"Abdominoplastie Munich : Tout savoir sur la chirurgie abdomen \u00e0 Munich, devis gratuit chirurgie abdomen pour les suisses \u00e0 Munich\",\"breadcrumb\":{\"@id\":\"https:\\\/\\\/www.medespoir.ch\\\/blog\\\/abdominoplastie-munich\\\/#breadcrumb\"},\"inLanguage\":\"fr-FR\",\"potentialAction\":[{\"@type\":\"ReadAction\",\"target\":[\"https:\\\/\\\/www.medespoir.ch\\\/blog\\\/abdominoplastie-munich\\\/\"]}]},{\"@type\":\"ImageObject\",\"inLanguage\":\"fr-FR\",\"@id\":\"https:\\\/\\\/www.medespoir.ch\\\/blog\\\/abdominoplastie-munich\\\/#primaryimage\",\"url\":\"https:\\\/\\\/www.medespoir.ch\\\/blog\\\/wp-content\\\/uploads\\\/2022\\\/09\\\/abdomino-plastie-allemagne.png\",\"contentUrl\":\"https:\\\/\\\/www.medespoir.ch\\\/blog\\\/wp-content\\\/uploads\\\/2022\\\/09\\\/abdomino-plastie-allemagne.png\",\"width\":507,\"height\":683,\"caption\":\"abdominoplastie Allemagne\"},{\"@type\":\"BreadcrumbList\",\"@id\":\"https:\\\/\\\/www.medespoir.ch\\\/blog\\\/abdominoplastie-munich\\\/#breadcrumb\",\"itemListElement\":[{\"@type\":\"ListItem\",\"position\":1,\"name\":\"Accueil\",\"item\":\"https:\\\/\\\/www.medespoir.ch\\\/blog\\\/\"},{\"@type\":\"ListItem\",\"position\":2,\"name\":\"Abdominoplastie Munich : Tout savoir sur la chirurgie abdomen \u00e0 Munich\"}]},{\"@type\":\"WebSite\",\"@id\":\"https:\\\/\\\/www.medespoir.ch\\\/blog\\\/#website\",\"url\":\"https:\\\/\\\/www.medespoir.ch\\\/blog\\\/\",\"name\":\"Actualit\u00e9s\",\"description\":\"tout ce qui est en rapport avec la chirurgie esth\u00e9tique\",\"potentialAction\":[{\"@type\":\"SearchAction\",\"target\":{\"@type\":\"EntryPoint\",\"urlTemplate\":\"https:\\\/\\\/www.medespoir.ch\\\/blog\\\/?s={search_term_string}\"},\"query-input\":{\"@type\":\"PropertyValueSpecification\",\"valueRequired\":true,\"valueName\":\"search_term_string\"}}],\"inLanguage\":\"fr-FR\"}]}<\/script>\n<!-- \/ Yoast SEO plugin. -->","yoast_head_json":{"title":"Abdominoplastie Munich : chirurgie abdomen Munich pour Suisses","description":"Abdominoplastie Munich : Tout savoir sur la chirurgie abdomen \u00e0 Munich, devis gratuit chirurgie abdomen pour les suisses \u00e0 Munich","robots":{"index":"index","follow":"follow","max-snippet":"max-snippet:-1","max-image-preview":"max-image-preview:large","max-video-preview":"max-video-preview:-1"},"canonical":"https:\/\/www.medespoir.ch\/blog\/abdominoplastie-munich\/","og_locale":"fr_FR","og_type":"article","og_title":"Abdominoplastie Munich : chirurgie abdomen Munich pour Suisses","og_description":"Abdominoplastie Munich : Tout savoir sur la chirurgie abdomen \u00e0 Munich, devis gratuit chirurgie abdomen pour les suisses \u00e0 Munich","og_url":"https:\/\/www.medespoir.ch\/blog\/abdominoplastie-munich\/","og_site_name":"Actualit\u00e9s","article_modified_time":"2022-12-21T13:22:24+00:00","og_image":[{"width":507,"height":683,"url":"https:\/\/www.medespoir.ch\/blog\/wp-content\/uploads\/2022\/09\/abdomino-plastie-allemagne.png","type":"image\/png"}],"twitter_card":"summary_large_image","twitter_misc":{"Dur\u00e9e de lecture estim\u00e9e":"6 minutes"},"schema":{"@context":"https:\/\/schema.org","@graph":[{"@type":"WebPage","@id":"https:\/\/www.medespoir.ch\/blog\/abdominoplastie-munich\/","url":"https:\/\/www.medespoir.ch\/blog\/abdominoplastie-munich\/","name":"Abdominoplastie Munich : chirurgie abdomen Munich pour Suisses","isPartOf":{"@id":"https:\/\/www.medespoir.ch\/blog\/#website"},"primaryImageOfPage":{"@id":"https:\/\/www.medespoir.ch\/blog\/abdominoplastie-munich\/#primaryimage"},"image":{"@id":"https:\/\/www.medespoir.ch\/blog\/abdominoplastie-munich\/#primaryimage"},"thumbnailUrl":"https:\/\/www.medespoir.ch\/blog\/wp-content\/uploads\/2022\/09\/abdomino-plastie-allemagne.png","datePublished":"2022-09-23T13:46:46+00:00","dateModified":"2022-12-21T13:22:24+00:00","description":"Abdominoplastie Munich : Tout savoir sur la chirurgie abdomen \u00e0 Munich, devis gratuit chirurgie abdomen pour les suisses \u00e0 Munich","breadcrumb":{"@id":"https:\/\/www.medespoir.ch\/blog\/abdominoplastie-munich\/#breadcrumb"},"inLanguage":"fr-FR","potentialAction":[{"@type":"ReadAction","target":["https:\/\/www.medespoir.ch\/blog\/abdominoplastie-munich\/"]}]},{"@type":"ImageObject","inLanguage":"fr-FR","@id":"https:\/\/www.medespoir.ch\/blog\/abdominoplastie-munich\/#primaryimage","url":"https:\/\/www.medespoir.ch\/blog\/wp-content\/uploads\/2022\/09\/abdomino-plastie-allemagne.png","contentUrl":"https:\/\/www.medespoir.ch\/blog\/wp-content\/uploads\/2022\/09\/abdomino-plastie-allemagne.png","width":507,"height":683,"caption":"abdominoplastie Allemagne"},{"@type":"BreadcrumbList","@id":"https:\/\/www.medespoir.ch\/blog\/abdominoplastie-munich\/#breadcrumb","itemListElement":[{"@type":"ListItem","position":1,"name":"Accueil","item":"https:\/\/www.medespoir.ch\/blog\/"},{"@type":"ListItem","position":2,"name":"Abdominoplastie Munich : Tout savoir sur la chirurgie abdomen \u00e0 Munich"}]},{"@type":"WebSite","@id":"https:\/\/www.medespoir.ch\/blog\/#website","url":"https:\/\/www.medespoir.ch\/blog\/","name":"Actualit\u00e9s","description":"tout ce qui est en rapport avec la chirurgie esth\u00e9tique","potentialAction":[{"@type":"SearchAction","target":{"@type":"EntryPoint","urlTemplate":"https:\/\/www.medespoir.ch\/blog\/?s={search_term_string}"},"query-input":{"@type":"PropertyValueSpecification","valueRequired":true,"valueName":"search_term_string"}}],"inLanguage":"fr-FR"}]}},"_links":{"self":[{"href":"https:\/\/www.medespoir.ch\/blog\/wp-json\/wp\/v2\/pages\/2969","targetHints":{"allow":["GET"]}}],"collection":[{"href":"https:\/\/www.medespoir.ch\/blog\/wp-json\/wp\/v2\/pages"}],"about":[{"href":"https:\/\/www.medespoir.ch\/blog\/wp-json\/wp\/v2\/types\/page"}],"author":[{"embeddable":true,"href":"https:\/\/www.medespoir.ch\/blog\/wp-json\/wp\/v2\/users\/2"}],"replies":[{"embeddable":true,"href":"https:\/\/www.medespoir.ch\/blog\/wp-json\/wp\/v2\/comments?post=2969"}],"version-history":[{"count":4,"href":"https:\/\/www.medespoir.ch\/blog\/wp-json\/wp\/v2\/pages\/2969\/revisions"}],"predecessor-version":[{"id":3175,"href":"https:\/\/www.medespoir.ch\/blog\/wp-json\/wp\/v2\/pages\/2969\/revisions\/3175"}],"wp:featuredmedia":[{"embeddable":true,"href":"https:\/\/www.medespoir.ch\/blog\/wp-json\/wp\/v2\/media\/2984"}],"wp:attachment":[{"href":"https:\/\/www.medespoir.ch\/blog\/wp-json\/wp\/v2\/media?parent=2969"}],"curies":[{"name":"wp","href":"https:\/\/api.w.org\/{rel}","templated":true}]}}